**2/2 + 10*g. Calculate m(7).
-4
Let o(h) = -7*h**2 - 1. Let b(r) = -r + 1. Let f(t) = -t + 2. Let v(u) = 3*b(u) - 2*f(u). Let s be v(4). Let g = s - -6. Determine o(g).
-8
Let q(k) = k**2 + 4*k + 6. Let m be q(-6). Let u be 6/(3 + m/(-4)). Let l(n) = n + 7. What is l(u)?
3
Suppose -5*o + 5 = 0, -3*o - 13 - 6 = -u. Let v(f) = 2*f - 24*f**2 - 2 + u*f**2 - 3*f**3 + 5*f**3. Give v(2).
10
Let z(m) = -7*m**3 + 2*m + 1. Let i = 17 - 12. Suppose -4*d = -2*d + 10, i*y + 4*d + 25 = 0. Calculate z(y).
6
Let h(m) = -6 - 29*m + 4*m**2 + 10*m + 12*m + m**3. Let v = -4 - 1. What is h(v)?
4
Let k(m) = -m + 4. Let v be k(8). Let s(b) = -b**3 - 5*b**2 - 3*b - 2. Determine s(v).
-6
Let o(f) = -8*f**2 + 4*f + 1. Let q(p) = -3*p**2 + p. Let n(l) = 4*o(l) - 11*q(l). Suppose -37 = 5*z - 3*a, 4*a + 2 = z + 23. What is n(z)?
4
Let t(z) = -z**2 - 2*z + 10. Let n be t(-4). Let l(k) = k**3 - k**2 + k - 1. Calculate l(n).
5
Let t(o) = -5*o**3. Let x(b) = -b**3 - 12*b**2 + 2*b + 12. Let a be x(-12). Let h = -13 - a. Calculate t(h).
5
Let t(v) = 3*v + 32. Let c be t(-11). Let m(b) be the third derivative of b**4/24 + b**3/6 - b**2. What is m(c)?
0
Let m be 6/4*16/6. Let z(d) be the third derivative of 0*d - 1/2*d**3 - 2*d**2 + 1/24*d**m + 0. Give z(4).
1
Let y(o) = -37 + 2*o + 67 - 33. Calculate y(-4).
-11
Let n(w) be the first derivative of w**2/2 - 11*w + 9. What is n(0)?
-11
Let a(k) = 1. Let l(g) = g - 5. Let x(p) = -9*a(p) - 2*l(p). Suppose -4*b = -5*s + 21, -s + 2*b - 3*b - 3 = 0. Suppose 0 = 3*u + s - 4. Give x(u).
-1
Let r be (-1)/3 + 28/(-6). Let b(l) be the third derivative of l**5/120 + l**4/3 + l**3/3 + 3*l**2. Let a(i) be the first derivative of b(i). Give a(r).
3
Let x(l) = -l**2 + 6*l + 7. Suppose 3*n + 7 = 22. Calculate x(n).
12
Let v(j) = -8*j - 1. Let a(x) = -23*x - 3. Let n(w) = 6*a(w) - 17*v(w). Calculate n(2).
-5
Suppose -12 = 3*j - 0. Let l(x) = 5*x - 2. Let t(p) = -14*p + 5. Suppose 2*c = 6*c - 16. Let k(h) = c*t(h) + 11*l(h). Calculate k(j).
2
Suppose 5*r + 5*m + 9 = 3*r, -5*r - 5*m = 0. Let l(g) = 1 - r - g + 0. Suppose 0*z = -4*z + 12. Determine l(z).
-5
Let d(i) = -2*i**3 + 3*i**2 + 4*i + 3. Let o be d(-2). Let l = -9 + o. Let y = 10 - l. Let z(b) = -b**3 - 4*b**2 - b - 4. Determine z(y).
0
Let x = 5 + 0. Suppose x*l - 5 = 2*c, 0*c + c = -2*l - 7. Let r(f) = -f + 1. Calculate r(c).
6
Let y(p) = -2*p**2 + p + 1. Suppose -l + 3 = 7, 34 = -2*g - 4*l. Let k = g - -11. Calculate y(k).
-5
Let a(l) = 7*l**2 + 7*l + 27. Let n(x) = -4*x**2 - 4*x - 14. Let z(w) = 3*a(w) + 5*n(w). Determine z(0).
11
Let q(a) = 5*a + a**3 - 5*a**2 + 9 - 2*a - a + 11*a**2. Calculate q(-6).
-3
Suppose -2 + 3 = o. Suppose -f = -o + 4. Let m(i) = -i - 4. Calculate m(f).
-1
Suppose 3*l = 2*l. Suppose 5*w - 10 = -l*w. Let f(i) = -2*i**2 - i. Determine f(w).
-10
Let u(v) be the second derivative of -v**5/60 + 7*v**4/24 + v**3/3 - 2*v. Let y(b) be the second derivative of u(b). Give y(-5).
17
Let s(y) = y + 0 + 2 + 0 + 2. Calculate s(-6).
-2
Let j(z) = 0*z**3 + z**3 + 3 + 2*z + 2*z**2 + z. Let t(r) = r**2 + 8*r. Let v be t(-8). Suppose 0 = -2*b - 4*c - 24, -17 = -v*b - 4*b + 5*c. Determine j(b).
-3
Let p(m) = -m**3 + 6*m**2 - 6*m - 6. Let i(c) = c. Let a be i(4). Suppose t - a = -0*t. Suppose s + 3*h = -4, 4*s - t - 10 = -2*h. Give p(s).
-11
Let w(u) = -u + 3. Let b = 14 + -8. Give w(b).
-3
Let u(q) = -q**3 + 6*q**2 - 5*q - 2. Let v(y) = -y**3 - 5*y**2 - 2*y - 5. Suppose -2*t + l = 12, 2*l - 9 = -2*t + 3*t. Let p be v(t). Give u(p).
-2
Suppose -7*k = -4*k + 3. Let z(d) = 14*d**2 + 2*d + 1. What is z(k)?
13
Suppose 0 = -4*x + 3*x - 3. Let k(b) = b**3 + 2*b**2 + 3. Determine k(x).
-6
Let t(d) = 6*d - 1. Let j be t(0). Let o(c) = 11*c - 1. Determine o(j).
-12
Let b(a) be the third derivative of a**4/24 - a**3 + 29*a**2. Determine b(6).
0
Let u(n) = 5*n + 2*n - 3*n + 1 - n. Give u(-2).
-5
Let y = -8 - -12. Suppose 3*q = -2 - y. Let i(a) = a**3 - 2*a**2 - 3*a. What is i(q)?
-10
Let b = -19 + 16. Let z(i) = 2*i**2 + 4*i + 2. What is z(b)?
8
Let v(d) be the third derivative of d**7/2520 + d**5/30 + 2*d**2. Let g(i) be the third derivative of v(i). Calculate g(-2).
-4
Let l(r) = r**3 - 2*r**2 + 4*r - 3. Suppose -5*u + 2*h + 20 = -0*h, -5*u - 3*h - 5 = 0. Determine l(u).
5
Let n(m) = 1 - 3*m - m - 2*m**2 - 3. Let o(b) = -2*b. Let w be o(-12). Suppose -w = 2*z + 4*y, -4*z + 13 = -3*z - 3*y. Give n(z).
-2
Let f(c) = c**2 - 4*c**2 + 5*c - 3*c + 8 - 25. Let n(x) = -2*x**2 + x - 11. Let h(q) = -5*f(q) + 8*n(q). What is h(-3)?
-6
Let n(m) be the second derivative of 4*m - 1/6*m**4 - 1/3*m**3 + 1/2*m**2 + 0 + 1/20*m**5. Give n(2).
-3
Let h(y) = y + 5. Suppose 5*x + 0*x = 0. Suppose x = -2*i - 8. Give h(i).
1
Let m be (-2)/8 + 15/(-4). Let s(u) = -u**3 - 5*u**2 - 4*u - 1. Calculate s(m).
-1
Let x(u) be the first derivative of -2 - u + 2*u**2 - 4/3*u**3 - 1/4*u**4. Suppose 0 = 4*m - 3*m + 5. What is x(m)?
4
Let z be (1 - (-63)/(-15))*-5. Suppose 4*n + z = 4*y, y + 3*y + 4*n = -16. Let p(i) = i**3 - i**2 - 6. Determine p(y).
-6
Let h(y) = y**3 - 4*y**2 - 5*y - 1. Suppose -3*k = -m - 15, 2 = 3*k + 3*m - 13. Let b be h(k). Let w = 1 - b. Let o(j) = -j**3 + 2*j**2 - 3*j. Calculate o(w).
-6
Let i(t) = -t - 5. Let n be i(-5). Let h(l) = 3 + 3*l + n*l + l. Calculate h(-4).
-13
Let g(x) = 2 + x**2 + 0 + x - x**3 + 1 + 2*x. Give g(3).
-6
Let y(k) = 20*k**3 + 2*k**2 - 7*k**3 - 110*k + 109*k. Calculate y(1).
14
Let r(s) = -3*s + 2. Let j = 11 + -6. Let p be r(j). Let z = 8 + p. Let q(x) = -x**3 - 5*x**2 - 2. Give q(z).
-2
Let r = 4 + 2. Suppose l = 4*p + 10, 5*l + 5*p + r + 19 = 0. Let s(g) = -5*g**3 + 3 + 6*g**3 + 3*g**2 + 4*g + g**2. What is s(l)?
3
Let u be ((-11)/(-2))/((-2)/(-4)). Let y = u + -6. Suppose 0 = y*k - k. Let l(w) = w**3 - w**2 + w. Calculate l(k).
0
Let p(l) be the third derivative of -l**6/60 + l**5/30 - l**4/12 + l**3/3 - l**2. What is p(2)?
-10
Let t(r) = r**3 + 7*r**2 + 10*r + 9. Suppose x - 6*x = 30. What is t(x)?
-15
Let a(v) = -v**2 + 6*v + 9. Suppose -1 = -d + 27. Suppose 0 = -0*i + 4*i - d. Calculate a(i).
2
Let z(h) = h + 2. Suppose a + 4*t - 20 = -7, 3*a - 3*t + 21 = 0. Determine z(a).
-1
Let p(m) = -15*m + 1. Let o = 4 - -1. Let k(d) = -8*d. Let a(q) = o*k(q) - 3*p(q). Determine a(2).
7
Suppose -6*b = 2 + 16. Let c(f) = -f**2 + 3*f + 1. Calculate c(b).
-17
Let v(q) be the first derivative of -4*q - 3 - 3/2*q**2. Give v(-4).
8
Let q(v) = v + 1. Let f be (0 - 2)*12/(-8). What is q(f)?
4
Let w(i) = i - 1. Suppose 5*s - 4*u = -9*u - 10, 4*s + 5*u = -10. Give w(s).
-1
Let h be 4 + 4 + -4 - 2. Let k(c) = 6*c + c**2 + 2 - c - 2*c**h. Determine k(4).
6
Suppose -a = -4 - 1. Let j(l) = 3 + a + 5*l - 7. Determine j(1).
6
Let t(k) = 5 + 28*k**2 - k**3 - 4*k - 22*k**2 - 5. What is t(5)?
5
Let g(s) = -s. Suppose 0 = -2*l + 4, 6*i = 3*i + l + 16. Let f(x) = -x + 4. Let o be f(i). Determine g(o).
2
Let c(v) = -v + 8. Suppose -b + 3*x - 9 = 0, -5*b = 2*x + x - 45. Suppose -2*f + b*f = 0. Determine c(f).
8
Suppose -13*w + 5*w = 56. Let n(j) = j**2 + 8*j + 7. Give n(w).
0
Suppose -j - 21 = -3*h, -7 = -h - j - j. Suppose 0 = -5*x - 17 + h. Let d(b) = b**2 + 2. Calculate d(x).
6
Suppose a + 2*a = 6. Let w(d) = -2 + 3*d - 2*d**a + d + 3. Determine w(3).
-5
Let t = 162 - 162. Let v(a) = -a**3 + a + 3. Calculate v(t).
3
Suppose -5*o + 1 = 3*v + 3, -4*o = -8. Let m(u) = -u**3 - 4*u**2 + u + 2. Determine m(v).
-2
Let b(y) = -2*y**3 - y**2 + 3*y + 2. Let u be (-1)/((-2)/(-6))*3. Let n be 160/(-72) - 2/u. Determine b(n).
8
Let r(f) = f + 7. Suppose -10 = -5*q, -3*d - 4*q = 29 - 4. What is r(d)?
-4
Suppose -2*x - 8 = -6*x. Let d(h) = 0 + h**3 + 3*h**x + 6 - 4*h**2. Suppose 4*u - 5*w - 1 = -6, u = -2*w + 2. What is d(u)?
6
Suppose c = -h, -5*h + h - c = -15. Suppose d + g = 3*g - 1, 0 = 3*d + h*g - 19. Let y(r) = 0 + d*r + 4 - 2. Determine y(-2).
-4
Let p(o) be the second derivative of o**3/6 + 3*o**2/2 - 12*o. Give p(-4).
-1
Let v(i) = -3*i - 4. Suppose 0 = 3*p + 1 + 11. Calculate v(p).
8
Suppose 0*n + 2*n - 4 = 0. Let k(r) = 3*r**2 + r**3 + 2*r - 2 - n*r - 5*r. Let a = 0 + -4. Determine k(a).
2
Let u = -4 - 1. Let k = -3 - u. Let d(f) = -k + 8 - f - 1. Determine d(5).
0
Let l(f) = -3*f + 2. Let w(g) = g. Let n(b) = l(b) - 2*w(b). Suppose -2*a + 24 = -5*q, 0 = 4*a - 3*a - 2*q - 10. Calculate n(a).
-8
Let 